{"id":11,"date":"2024-03-12T12:53:03","date_gmt":"2024-03-12T11:53:03","guid":{"rendered":"https:\/\/chemins-de-plouharnel.fr\/?page_id=11"},"modified":"2026-01-07T16:44:36","modified_gmt":"2026-01-07T15:44:36","slug":"association-pour-la-sauvegarde-des-chemins-de-plouharnel","status":"publish","type":"page","link":"https:\/\/chemins-de-plouharnel.fr\/index.php\/association-pour-la-sauvegarde-des-chemins-de-plouharnel\/","title":{"rendered":"Qui sommes nous?"},"content":{"rendered":"\n<p class=\"has-text-align-center\"><\/p>\n\n\n<div class=\"wp-block-image\">\n<figure class=\"alignright size-full is-resized\"><img loading=\"lazy\" decoding=\"async\" width=\"700\" height=\"500\" src=\"https:\/\/chemins-de-plouharnel.fr\/wp-content\/uploads\/2024\/03\/Logo-retravaille-Complet-700x500-1.jpg\" alt=\"\" class=\"wp-image-90\" style=\"width:356px;height:auto\" srcset=\"https:\/\/chemins-de-plouharnel.fr\/wp-content\/uploads\/2024\/03\/Logo-retravaille-Complet-700x500-1.jpg 700w, https:\/\/chemins-de-plouharnel.fr\/wp-content\/uploads\/2024\/03\/Logo-retravaille-Complet-700x500-1-300x214.jpg 300w\" sizes=\"auto, (max-width: 700px) 100vw, 700px\" \/><\/figure>\n<\/div>\n\n\n<p>\u00c0 l\u2019occasion de la fermeture au public d\u2019un chemin rural, notre association a vu le jour en 2018.<\/p>\n\n\n\n<p>Aujourd\u2019hui, forte de ses 86 adh\u00e9rents, l&rsquo;objectif premier de l&rsquo;association est de sauvegarder les chemins existants, emp\u00eacher qu\u2019ils ne soient privatis\u00e9s ou d\u00e9truits par la pression immobili\u00e8re. En parall\u00e8le, notre volont\u00e9 est de mettre en valeur les chemins et sentiers afin d\u2019am\u00e9liorer leur usage et faciliter les d\u00e9placements doux.<br><br>Notre feuille de route pour les prochaines ann\u00e9es est de permettre \u00e0 tous les Plouharnelais et amoureux de notre commune de profiter de balades p\u00e9destres \u00e0 proximit\u00e9 du bourg, tout au long de l\u2019ann\u00e9e, en constituant un circuit de marche entourant les zones habit\u00e9es. Pour ce faire, en liaison avec la mairie et ses services techniques, et gr\u00e2ce \u00e0 la participation de nombreux adh\u00e9rents, nous avons r\u00e9ouvert \u00e0 l\u2019automne 2022 le magnifique chemin reliant Kercroc \u00e0 la fontaine de Porh en Iliz, le drainage d\u2019une zone humide doit encore \u00eatre r\u00e9alis\u00e9 pour permettre le passage en hiver.<br>En 2023 et 2024, le groupe des d\u00e9broussailleurs(euses) a beaucoup travaill\u00e9 pour rendre accessible <a href=\"https:\/\/chemins-de-plouharnel.fr\/index.php\/2024\/03\/12\/le-chemin-du-glevenay-au-mane-bego\/\">le site du Man\u00e9 B\u00e9go<\/a> et faire d\u00e9couvrir au plus grand nombre l\u2019un des plus beaux panoramas de notre commune \u00e0 proximit\u00e9 de Gl\u00e9venay.<\/p>\n\n\n\n<p>En 2024, plus de 100 personnes ont assist\u00e9 aux trois promenades organis\u00e9es par l\u2019association lors <a href=\"https:\/\/chemins-de-plouharnel.fr\/index.php\/2024\/09\/22\/belles-journees-du-patrimoine-pour-lassociation\/\">des journ\u00e9es europ\u00e9ennes du patrimoine<\/a>.&nbsp; Le Cr\u00e9dit Agricole a salu\u00e9 la qualit\u00e9 de <a href=\"https:\/\/chemins-de-plouharnel.fr\/index.php\/2025\/02\/07\/projet-belvedere-au-mane-bego\/\">notre projet \u00ab Le belv\u00e9d\u00e8re du Mane Bego&nbsp;\u00bb<\/a> en nous attribuant le 2<sup>\u00e8me<\/sup>&nbsp;prix des troph\u00e9es de la vie locale et la somme de 600 \u20ac.<\/p>\n\n\n\n<p>En 2025\u00a0:<\/p>\n\n\n\n<ul class=\"wp-block-list\">\n<li>chantier participatif sur le chemin de Kergonan<\/li>\n\n\n\n<li>journ\u00e9e europ\u00e9enne du patrimoine<\/li>\n\n\n\n<li>ouverture du chemin de Sainte-Barbe et Kerberenne<\/li>\n\n\n\n<li>participation au projet de boucle du Grand Site Dunaire sur Plouharnel<\/li>\n<\/ul>\n\n\n\n<p>La commune dispose de nombreux chemins ruraux qui doivent \u00eatre entretenus r\u00e9guli\u00e8rement pour leur pr\u00e9servation. L\u2019association invite ses adh\u00e9rents, les amateurs et voisins de ces chemins \u00e0 prendre part occasionnellement \u00e0 cet entretien. Nous sommes tous les ambassadeurs et les sentinelles du patrimoine naturel et culturel de notre belle commune.<br><br>Notre association accueillera avec grand plaisir <a href=\"https:\/\/chemins-de-plouharnel.fr\/index.php\/contact-et-adhesion\/\">de nouveaux adh\u00e9rents<\/a> souhaitant l\u00e9guer aux g\u00e9n\u00e9rations futures cet environnement exceptionnel.<\/p>\n\n\n\n<h2 class=\"wp-block-heading\">Carte de nos projets<\/h2>\n\n\n\n<p><center><iframe loading=\"lazy\" src=\"https:\/\/macarte.ign.fr\/carte\/nHkzzW\/ASCP-Les-Chemins\" frameborder=\"0\" width=\"100%\" height=\"500px\" allow=\"geolocation clipboard-read; clipboard-write\">><\/iframe><\/center><a href=\"https:\/\/macarte.ign.fr\/carte\/nHkzzW\/ASCP-Les-Chemins\" target=\"_blank\" rel=\"noopener noreferrer\">Carte des projets de l&rsquo;association \u2014 Voir en plein \u00e9cran<\/a><\/p>\n\n\n\n<p class=\"has-text-align-right\">Le Pr\u00e9sident : Jacques MOIZAN<\/p>\n\n\n\n<p class=\"has-text-align-left\"><strong>Coordonn\u00e9es :<\/strong> Kerhellegant &#8211; 56340 Plouharnel <a href=\"http:\/\/www.mairieplouharnel.fr\/fr\/association-contact\/32001\/association-sauvegarde-chemins-plouharnel\">Contactez-nous<\/a><br><\/p>\n\n\n\n<p class=\"has-text-align-left\"><strong>Bureau \/ Membres :<\/strong><\/p>\n\n\n\n<p><strong>Pr\u00e9sident (e)<\/strong> : Jacques Moizan<br><strong>Vice Pr\u00e9sident (e) :<\/strong> Jacques Eveno<br><strong>Tr\u00e9sorier (\u00e8re) :<\/strong> Patrice Yodo \/ Tr\u00e9sori\u00e8re adjointe : Monique Le Visage<br><strong>Secr\u00e9taire :<\/strong> Patrick Colin \/ Secr\u00e9taire adjointe : Anne H\u00e9l\u00e8ne Le port<\/p>\n\n\n\n<p class=\"has-text-align-center\"><\/p>\n\n\n\n<p><\/p>\n","protected":false},"excerpt":{"rendered":"<p>\u00c0 l\u2019occasion de la fermeture au public d\u2019un chemin rural, notre association a vu le jour en 2018. Aujourd\u2019hui, forte de ses 86 adh\u00e9rents, l&rsquo;objectif premier de l&rsquo;association est de sauvegarder les chemins existants, emp\u00eacher qu\u2019ils ne soient privatis\u00e9s ou d\u00e9truits par la pression immobili\u00e8re. En parall\u00e8le, notre volont\u00e9 est de mettre en valeur les chemins et sentiers afin d\u2019am\u00e9liorer leur usage et faciliter les d\u00e9placements doux. Notre feuille de route pour les prochaines ann\u00e9es est de permettre \u00e0 tous&#8230;<\/p>\n<p class=\"read-more\"><a class=\"btn btn-default\" href=\"https:\/\/chemins-de-plouharnel.fr\/index.php\/association-pour-la-sauvegarde-des-chemins-de-plouharnel\/\">Lire la suite<span class=\"screen-reader-text\"> Lire la suite<\/span><\/a><\/p>\n","protected":false},"author":4,"featured_media":0,"parent":0,"menu_order":0,"comment_status":"closed","ping_status":"closed","template":"","meta":{"footnotes":""},"class_list":["post-11","page","type-page","status-publish","hentry"],"_links":{"self":[{"href":"https:\/\/chemins-de-plouharnel.fr\/index.php\/wp-json\/wp\/v2\/pages\/11","targetHints":{"allow":["GET"]}}],"collection":[{"href":"https:\/\/chemins-de-plouharnel.fr\/index.php\/wp-json\/wp\/v2\/pages"}],"about":[{"href":"https:\/\/chemins-de-plouharnel.fr\/index.php\/wp-json\/wp\/v2\/types\/page"}],"author":[{"embeddable":true,"href":"https:\/\/chemins-de-plouharnel.fr\/index.php\/wp-json\/wp\/v2\/users\/4"}],"replies":[{"embeddable":true,"href":"https:\/\/chemins-de-plouharnel.fr\/index.php\/wp-json\/wp\/v2\/comments?post=11"}],"version-history":[{"count":13,"href":"https:\/\/chemins-de-plouharnel.fr\/index.php\/wp-json\/wp\/v2\/pages\/11\/revisions"}],"predecessor-version":[{"id":1143,"href":"https:\/\/chemins-de-plouharnel.fr\/index.php\/wp-json\/wp\/v2\/pages\/11\/revisions\/1143"}],"wp:attachment":[{"href":"https:\/\/chemins-de-plouharnel.fr\/index.php\/wp-json\/wp\/v2\/media?parent=11"}],"curies":[{"name":"wp","href":"https:\/\/api.w.org\/{rel}","templated":true}]}}

<p class="has-text-align-center"></p>


<div class="wp-block-image">
<figure class="alignright size-full is-resized"><img loading="lazy" decoding="async" width="700" height="500" src="https://chemins-de-plouharnel.fr/wp-content/uploads/2024/03/Logo-retravaille-Complet-700x500-1.jpg" alt="" class="wp-image-90" style="width:356px;height:auto" srcset="https://chemins-de-plouharnel.fr/wp-content/uploads/2024/03/Logo-retravaille-Complet-700x500-1.jpg 700w, https://chemins-de-plouharnel.fr/wp-content/uploads/2024/03/Logo-retravaille-Complet-700x500-1-300x214.jpg 300w" sizes="auto, (max-width: 700px) 100vw, 700px" /></figure>
</div>


<p>À l’occasion de la fermeture au public d’un chemin rural, notre association a vu le jour en 2018.</p>



<p>Aujourd’hui, forte de ses 86 adhérents, l&rsquo;objectif premier de l&rsquo;association est de sauvegarder les chemins existants, empêcher qu’ils ne soient privatisés ou détruits par la pression immobilière. En parallèle, notre volonté est de mettre en valeur les chemins et sentiers afin d’améliorer leur usage et faciliter les déplacements doux.<br><br>Notre feuille de route pour les prochaines années est de permettre à tous les Plouharnelais et amoureux de notre commune de profiter de balades pédestres à proximité du bourg, tout au long de l’année, en constituant un circuit de marche entourant les zones habitées. Pour ce faire, en liaison avec la mairie et ses services techniques, et grâce à la participation de nombreux adhérents, nous avons réouvert à l’automne 2022 le magnifique chemin reliant Kercroc à la fontaine de Porh en Iliz, le drainage d’une zone humide doit encore être réalisé pour permettre le passage en hiver.<br>En 2023 et 2024, le groupe des débroussailleurs(euses) a beaucoup travaillé pour rendre accessible <a href="https://chemins-de-plouharnel.fr/index.php/2024/03/12/le-chemin-du-glevenay-au-mane-bego/">le site du Mané Bégo</a> et faire découvrir au plus grand nombre l’un des plus beaux panoramas de notre commune à proximité de Glévenay.</p>



<p>En 2024, plus de 100 personnes ont assisté aux trois promenades organisées par l’association lors <a href="https://chemins-de-plouharnel.fr/index.php/2024/09/22/belles-journees-du-patrimoine-pour-lassociation/">des journées européennes du patrimoine</a>.&nbsp; Le Crédit Agricole a salué la qualité de <a href="https://chemins-de-plouharnel.fr/index.php/2025/02/07/projet-belvedere-au-mane-bego/">notre projet « Le belvédère du Mane Bego&nbsp;»</a> en nous attribuant le 2<sup>ème</sup>&nbsp;prix des trophées de la vie locale et la somme de 600 €.</p>



<p>En 2025 :</p>



<ul class="wp-block-list">
<li>chantier participatif sur le chemin de Kergonan</li>



<li>journée européenne du patrimoine</li>



<li>ouverture du chemin de Sainte-Barbe et Kerberenne</li>



<li>participation au projet de boucle du Grand Site Dunaire sur Plouharnel</li>
</ul>



<p>La commune dispose de nombreux chemins ruraux qui doivent être entretenus régulièrement pour leur préservation. L’association invite ses adhérents, les amateurs et voisins de ces chemins à prendre part occasionnellement à cet entretien. Nous sommes tous les ambassadeurs et les sentinelles du patrimoine naturel et culturel de notre belle commune.<br><br>Notre association accueillera avec grand plaisir <a href="https://chemins-de-plouharnel.fr/index.php/contact-et-adhesion/">de nouveaux adhérents</a> souhaitant léguer aux générations futures cet environnement exceptionnel.</p>



<h2 class="wp-block-heading">Carte de nos projets</h2>



<p><center><iframe loading="lazy" src="https://macarte.ign.fr/carte/nHkzzW/ASCP-Les-Chemins" frameborder="0" width="100%" height="500px" allow="geolocation clipboard-read; clipboard-write">></iframe></center><a href="https://macarte.ign.fr/carte/nHkzzW/ASCP-Les-Chemins" target="_blank" rel="noopener noreferrer">Carte des projets de l&rsquo;association — Voir en plein écran</a></p>



<p class="has-text-align-right">Le Président : Jacques MOIZAN</p>



<p class="has-text-align-left"><strong>Coordonnées :</strong> Kerhellegant &#8211; 56340 Plouharnel <a href="http://www.mairieplouharnel.fr/fr/association-contact/32001/association-sauvegarde-chemins-plouharnel">Contactez-nous</a><br></p>



<p class="has-text-align-left"><strong>Bureau / Membres :</strong></p>



<p><strong>Président (e)</strong> : Jacques Moizan<br><strong>Vice Président (e) :</strong> Jacques Eveno<br><strong>Trésorier (ère) :</strong> Patrice Yodo / Trésorière adjointe : Monique Le Visage<br><strong>Secrétaire :</strong> Patrick Colin / Secrétaire adjointe : Anne Hélène Le port</p>



<p class="has-text-align-center"></p>



<p></p>

<p>À l’occasion de la fermeture au public d’un chemin rural, notre association a vu le jour en 2018. Aujourd’hui, forte de ses 86 adhérents, l&rsquo;objectif premier de l&rsquo;association est de sauvegarder les chemins existants, empêcher qu’ils ne soient privatisés ou détruits par la pression immobilière. En parallèle, notre volonté est de mettre en valeur les chemins et sentiers afin d’améliorer leur usage et faciliter les déplacements doux. Notre feuille de route pour les prochaines années est de permettre à tous&#8230;</p>
<p class="read-more"><a class="btn btn-default" href="https://chemins-de-plouharnel.fr/index.php/association-pour-la-sauvegarde-des-chemins-de-plouharnel/">Lire la suite<span class="screen-reader-text"> Lire la suite</span></a></p>
