{"id":477,"date":"2025-02-17T14:19:48","date_gmt":"2025-02-17T13:19:48","guid":{"rendered":"https:\/\/chemins-de-plouharnel.fr\/?page_id=477"},"modified":"2025-02-26T19:29:42","modified_gmt":"2025-02-26T18:29:42","slug":"adhesion","status":"publish","type":"page","link":"https:\/\/chemins-de-plouharnel.fr\/index.php\/adhesion\/","title":{"rendered":"Adh\u00e9sion"},"content":{"rendered":"\n<p><a href=\"https:\/\/chemins-de-plouharnel.fr\/wp-content\/uploads\/2025\/02\/2025-Bulletin-Adhesion-1.pdf\">T\u00e9l\u00e9chargement du bulletin d&rsquo;adh\u00e9sion<\/a><\/p>\n\n\n\n<figure class=\"wp-block-image size-large\"><img loading=\"lazy\" decoding=\"async\" width=\"739\" height=\"1024\" src=\"https:\/\/chemins-de-plouharnel.fr\/wp-content\/uploads\/2025\/02\/image-3-739x1024.png\" alt=\"\" class=\"wp-image-257\" srcset=\"https:\/\/chemins-de-plouharnel.fr\/wp-content\/uploads\/2025\/02\/image-3-739x1024.png 739w, https:\/\/chemins-de-plouharnel.fr\/wp-content\/uploads\/2025\/02\/image-3-216x300.png 216w, https:\/\/chemins-de-plouharnel.fr\/wp-content\/uploads\/2025\/02\/image-3-768x1065.png 768w, https:\/\/chemins-de-plouharnel.fr\/wp-content\/uploads\/2025\/02\/image-3-1108x1536.png 1108w, https:\/\/chemins-de-plouharnel.fr\/wp-content\/uploads\/2025\/02\/image-3-1477x2048.png 1477w, https:\/\/chemins-de-plouharnel.fr\/wp-content\/uploads\/2025\/02\/image-3-195x270.png 195w, https:\/\/chemins-de-plouharnel.fr\/wp-content\/uploads\/2025\/02\/image-3.png 1796w\" sizes=\"auto, (max-width: 739px) 100vw, 739px\" \/><\/figure>\n","protected":false},"excerpt":{"rendered":"<p>T\u00e9l\u00e9chargement du bulletin d&rsquo;adh\u00e9sion<\/p>\n","protected":false},"author":2,"featured_media":0,"parent":0,"menu_order":0,"comment_status":"closed","ping_status":"closed","template":"","meta":{"footnotes":""},"class_list":["post-477","page","type-page","status-publish","hentry"],"_links":{"self":[{"href":"https:\/\/chemins-de-plouharnel.fr\/index.php\/wp-json\/wp\/v2\/pages\/477","targetHints":{"allow":["GET"]}}],"collection":[{"href":"https:\/\/chemins-de-plouharnel.fr\/index.php\/wp-json\/wp\/v2\/pages"}],"about":[{"href":"https:\/\/chemins-de-plouharnel.fr\/index.php\/wp-json\/wp\/v2\/types\/page"}],"author":[{"embeddable":true,"href":"https:\/\/chemins-de-plouharnel.fr\/index.php\/wp-json\/wp\/v2\/users\/2"}],"replies":[{"embeddable":true,"href":"https:\/\/chemins-de-plouharnel.fr\/index.php\/wp-json\/wp\/v2\/comments?post=477"}],"version-history":[{"count":2,"href":"https:\/\/chemins-de-plouharnel.fr\/index.php\/wp-json\/wp\/v2\/pages\/477\/revisions"}],"predecessor-version":[{"id":790,"href":"https:\/\/chemins-de-plouharnel.fr\/index.php\/wp-json\/wp\/v2\/pages\/477\/revisions\/790"}],"wp:attachment":[{"href":"https:\/\/chemins-de-plouharnel.fr\/index.php\/wp-json\/wp\/v2\/media?parent=477"}],"curies":[{"name":"wp","href":"https:\/\/api.w.org\/{rel}","templated":true}]}}